{"id":88,"date":"2023-10-07T10:46:22","date_gmt":"2023-10-07T08:46:22","guid":{"rendered":"https:\/\/lesembruns-conciergerie.fr\/index.php\/reservation\/"},"modified":"2025-03-03T11:43:47","modified_gmt":"2025-03-03T10:43:47","slug":"nos-logements-interne","status":"publish","type":"page","link":"https:\/\/lesembruns-conciergerie.fr\/index.php\/voyageurs\/nos-logements-interne\/","title":{"rendered":"Nos logements interne"},"content":{"rendered":"\t\t<div data-elementor-type=\"wp-page\" data-elementor-id=\"88\" class=\"elementor elementor-88\" data-elementor-post-type=\"page\">\n\t\t\t\t\t\t<section class=\"elementor-section elementor-top-section elementor-element elementor-element-73f51e74 elementor-section-height-min-height elementor-section-boxed elementor-section-height-default elementor-section-items-middle\" data-id=\"73f51e74\" data-element_type=\"section\" data-settings=\"{&quot;background_background&quot;:&quot;slideshow&quot;,&quot;background_slideshow_gallery&quot;:[{&quot;id&quot;:352,&quot;url&quot;:&quot;http:\\\/\\\/lesembruns-conciergerie.fr\\\/wp-content\\\/uploads\\\/2023\\\/10\\\/ed2cea_1185a1ec86d445468edbae956d1f35b8mv2_d_5907_3928_s_4_2.webp&quot;}],&quot;background_slideshow_ken_burns&quot;:&quot;yes&quot;,&quot;background_slideshow_loop&quot;:&quot;yes&quot;,&quot;background_slideshow_slide_duration&quot;:5000,&quot;background_slideshow_slide_transition&quot;:&quot;fade&quot;,&quot;background_slideshow_transition_duration&quot;:500,&quot;background_slideshow_ken_burns_zoom_direction&quot;:&quot;in&quot;}\">\n\t\t\t\t\t\t\t<div class=\"elementor-background-overlay\"><\/div>\n\t\t\t\t\t\t\t<div class=\"elementor-container elementor-column-gap-default\">\n\t\t\t\t\t<div class=\"elementor-column elementor-col-100 elementor-top-column elementor-element elementor-element-7b06ec96\" data-id=\"7b06ec96\" data-element_type=\"column\">\n\t\t\t<div class=\"elementor-widget-wrap elementor-element-populated\">\n\t\t\t\t\t\t<div class=\"elementor-element elementor-element-7f305c0f elementor-widget elementor-widget-heading\" data-id=\"7f305c0f\" data-element_type=\"widget\" data-widget_type=\"heading.default\">\n\t\t\t\t<div class=\"elementor-widget-container\">\n\t\t\t<h1 class=\"elementor-heading-title elementor-size-default\">R\u00e9servez votre s\u00e9jour<\/h1>\t\t<\/div>\n\t\t\t\t<\/div>\n\t\t\t\t<div class=\"elementor-element elementor-element-2b231894 elementor-widget elementor-widget-heading\" data-id=\"2b231894\" data-element_type=\"widget\" data-widget_type=\"heading.default\">\n\t\t\t\t<div class=\"elementor-widget-container\">\n\t\t\t<h2 class=\"elementor-heading-title elementor-size-default\">Vous \u00eates \u00e0 2-clicks d'une exp\u00e9rience extraordinaire<\/h2>\t\t<\/div>\n\t\t\t\t<\/div>\n\t\t\t\t\t<\/div>\n\t\t<\/div>\n\t\t\t\t\t<\/div>\n\t\t<\/section>\n\t\t\t\t<section class=\"elementor-section elementor-top-section elementor-element elementor-element-c531ec0 elementor-section-full_width elementor-section-height-default elementor-section-height-default\" data-id=\"c531ec0\" data-element_type=\"section\" data-settings=\"{&quot;background_background&quot;:&quot;classic&quot;}\">\n\t\t\t\t\t\t<div class=\"elementor-container elementor-column-gap-default\">\n\t\t\t\t\t<div class=\"elementor-column elementor-col-100 elementor-top-column elementor-element elementor-element-2d524404\" data-id=\"2d524404\" data-element_type=\"column\">\n\t\t\t<div class=\"elementor-widget-wrap elementor-element-populated\">\n\t\t\t\t\t\t<div class=\"elementor-element elementor-element-27376f66 elementor-widget elementor-widget-html\" data-id=\"27376f66\" data-element_type=\"widget\" data-widget_type=\"html.default\">\n\t\t\t\t<div class=\"elementor-widget-container\">\n\t\t\t<iframe id=\"bookingengine\" style=\"display: block;\" src=\"https:\/\/app.superhote.com\/#\/get-available-rentals\/XgAbHRzRWDJJ7ZOMByz9j7RdWpofer\" width=\"100%\" height=\"5500\" frameborder=\"0\" scrolling=\"no\" allowfullscreen=\"allowfullscreen\"><\/iframe>\n<script>\nvar webKey = \"IWyS3fCcJOUmA8KZimqOns28I\";\nvar url = new URL(window.location.href);\nvar appart = url.searchParams.get(\"appart\");\nvar checkin = url.searchParams.get(\"checkin\");\nvar checkout = url.searchParams.get(\"checkout\");\nvar adults = url.searchParams.get(\"adults\");\nvar children = url.searchParams.get(\"children\");\nvar lang = url.searchParams.get(\"lang\");\nif(lang == null)\n    lang = \"fr\";\nif(appart == null) {\nvar iframeUrl = \"https:\/\/app.superhote.com\/#\/get-available-rentals\/\"+webKey+\"?startDate=\" + checkin + \"&endDate=\" + checkout + \"&adultsNumber=\" + adults + \"&childrenNumber=\" + children; + \"&lang=\" + lang;\nif(checkin == null) iframeUrl = \"https:\/\/app.superhote.com\/#\/get-available-rentals\/\" + webKey + \"?lang=\" + lang;\ndocument.getElementById('bookingengine').src = iframeUrl;\n} else {\nvar iframeUrl = \"https:\/\/app.superhote.com\/#\/rental\/\" + appart + \"?lang=\" + lang;\ndocument.getElementById('bookingengine').src = iframeUrl;\n} <\/script>\t\t<\/div>\n\t\t\t\t<\/div>\n\t\t\t\t\t<\/div>\n\t\t<\/div>\n\t\t\t\t\t<\/div>\n\t\t<\/section>\n\t\t\t\t<\/div>\n\t\t","protected":false},"excerpt":{"rendered":"<p>R\u00e9servez votre s\u00e9jour Vous \u00eates \u00e0 2-clicks d&rsquo;une exp\u00e9rience extraordinaire<\/p>\n","protected":false},"author":1,"featured_media":0,"parent":278,"menu_order":0,"comment_status":"closed","ping_status":"closed","template":"","meta":{"footnotes":""},"class_list":["post-88","page","type-page","status-publish","hentry"],"yoast_head":"<!-- This site is optimized with the Yoast SEO plugin v25.0 - https:\/\/yoast.com\/wordpress\/plugins\/seo\/ -->\n<title>Nos logements interne - Les Embruns Conciergerie<\/title>\n<meta name=\"robots\" content=\"index, follow, max-snippet:-1, max-image-preview:large, max-video-preview:-1\" \/>\n<link rel=\"canonical\" href=\"https:\/\/lesembruns-conciergerie.fr\/index.php\/voyageurs\/nos-logements-interne\/\" \/>\n<meta property=\"og:locale\" content=\"fr_FR\" \/>\n<meta property=\"og:type\" content=\"article\" \/>\n<meta property=\"og:title\" content=\"Nos logements interne - Les Embruns Conciergerie\" \/>\n<meta property=\"og:description\" content=\"R\u00e9servez votre s\u00e9jour Vous \u00eates \u00e0 2-clicks d&rsquo;une exp\u00e9rience extraordinaire\" \/>\n<meta property=\"og:url\" content=\"https:\/\/lesembruns-conciergerie.fr\/index.php\/voyageurs\/nos-logements-interne\/\" \/>\n<meta property=\"og:site_name\" content=\"Les Embruns Conciergerie\" \/>\n<meta property=\"article:modified_time\" content=\"2025-03-03T10:43:47+00:00\" \/>\n<meta name=\"twitter:card\" content=\"summary_large_image\" \/>\n<meta name=\"twitter:label1\" content=\"Dur\u00e9e de lecture estim\u00e9e\" \/>\n\t<meta name=\"twitter:data1\" content=\"1 minute\" \/>\n<script type=\"application\/ld+json\" class=\"yoast-schema-graph\">{\"@context\":\"https:\/\/schema.org\",\"@graph\":[{\"@type\":\"WebPage\",\"@id\":\"https:\/\/lesembruns-conciergerie.fr\/index.php\/voyageurs\/nos-logements-interne\/\",\"url\":\"https:\/\/lesembruns-conciergerie.fr\/index.php\/voyageurs\/nos-logements-interne\/\",\"name\":\"Nos logements interne - Les Embruns Conciergerie\",\"isPartOf\":{\"@id\":\"https:\/\/lesembruns-conciergerie.fr\/#website\"},\"datePublished\":\"2023-10-07T08:46:22+00:00\",\"dateModified\":\"2025-03-03T10:43:47+00:00\",\"breadcrumb\":{\"@id\":\"https:\/\/lesembruns-conciergerie.fr\/index.php\/voyageurs\/nos-logements-interne\/#breadcrumb\"},\"inLanguage\":\"fr-FR\",\"potentialAction\":[{\"@type\":\"ReadAction\",\"target\":[\"https:\/\/lesembruns-conciergerie.fr\/index.php\/voyageurs\/nos-logements-interne\/\"]}]},{\"@type\":\"BreadcrumbList\",\"@id\":\"https:\/\/lesembruns-conciergerie.fr\/index.php\/voyageurs\/nos-logements-interne\/#breadcrumb\",\"itemListElement\":[{\"@type\":\"ListItem\",\"position\":1,\"name\":\"Accueil\",\"item\":\"https:\/\/lesembruns-conciergerie.fr\/\"},{\"@type\":\"ListItem\",\"position\":2,\"name\":\"Voyageurs\",\"item\":\"https:\/\/lesembruns-conciergerie.fr\/index.php\/voyageurs\/\"},{\"@type\":\"ListItem\",\"position\":3,\"name\":\"Nos logements interne\"}]},{\"@type\":\"WebSite\",\"@id\":\"https:\/\/lesembruns-conciergerie.fr\/#website\",\"url\":\"https:\/\/lesembruns-conciergerie.fr\/\",\"name\":\"Les Embruns Conciergerie\",\"description\":\"\",\"publisher\":{\"@id\":\"https:\/\/lesembruns-conciergerie.fr\/#organization\"},\"potentialAction\":[{\"@type\":\"SearchAction\",\"target\":{\"@type\":\"EntryPoint\",\"urlTemplate\":\"https:\/\/lesembruns-conciergerie.fr\/?s={search_term_string}\"},\"query-input\":{\"@type\":\"PropertyValueSpecification\",\"valueRequired\":true,\"valueName\":\"search_term_string\"}}],\"inLanguage\":\"fr-FR\"},{\"@type\":\"Organization\",\"@id\":\"https:\/\/lesembruns-conciergerie.fr\/#organization\",\"name\":\"Les Embruns Conciergerie\",\"url\":\"https:\/\/lesembruns-conciergerie.fr\/\",\"logo\":{\"@type\":\"ImageObject\",\"inLanguage\":\"fr-FR\",\"@id\":\"https:\/\/lesembruns-conciergerie.fr\/#\/schema\/logo\/image\/\",\"url\":\"https:\/\/lesembruns-conciergerie.fr\/wp-content\/uploads\/2023\/10\/cropped-logo-transparent-350px.png\",\"contentUrl\":\"https:\/\/lesembruns-conciergerie.fr\/wp-content\/uploads\/2023\/10\/cropped-logo-transparent-350px.png\",\"width\":350,\"height\":303,\"caption\":\"Les Embruns Conciergerie\"},\"image\":{\"@id\":\"https:\/\/lesembruns-conciergerie.fr\/#\/schema\/logo\/image\/\"}}]}<\/script>\n<!-- \/ Yoast SEO plugin. -->","yoast_head_json":{"title":"Nos logements interne - Les Embruns Conciergerie","robots":{"index":"index","follow":"follow","max-snippet":"max-snippet:-1","max-image-preview":"max-image-preview:large","max-video-preview":"max-video-preview:-1"},"canonical":"https:\/\/lesembruns-conciergerie.fr\/index.php\/voyageurs\/nos-logements-interne\/","og_locale":"fr_FR","og_type":"article","og_title":"Nos logements interne - Les Embruns Conciergerie","og_description":"R\u00e9servez votre s\u00e9jour Vous \u00eates \u00e0 2-clicks d&rsquo;une exp\u00e9rience extraordinaire","og_url":"https:\/\/lesembruns-conciergerie.fr\/index.php\/voyageurs\/nos-logements-interne\/","og_site_name":"Les Embruns Conciergerie","article_modified_time":"2025-03-03T10:43:47+00:00","twitter_card":"summary_large_image","twitter_misc":{"Dur\u00e9e de lecture estim\u00e9e":"1 minute"},"schema":{"@context":"https:\/\/schema.org","@graph":[{"@type":"WebPage","@id":"https:\/\/lesembruns-conciergerie.fr\/index.php\/voyageurs\/nos-logements-interne\/","url":"https:\/\/lesembruns-conciergerie.fr\/index.php\/voyageurs\/nos-logements-interne\/","name":"Nos logements interne - Les Embruns Conciergerie","isPartOf":{"@id":"https:\/\/lesembruns-conciergerie.fr\/#website"},"datePublished":"2023-10-07T08:46:22+00:00","dateModified":"2025-03-03T10:43:47+00:00","breadcrumb":{"@id":"https:\/\/lesembruns-conciergerie.fr\/index.php\/voyageurs\/nos-logements-interne\/#breadcrumb"},"inLanguage":"fr-FR","potentialAction":[{"@type":"ReadAction","target":["https:\/\/lesembruns-conciergerie.fr\/index.php\/voyageurs\/nos-logements-interne\/"]}]},{"@type":"BreadcrumbList","@id":"https:\/\/lesembruns-conciergerie.fr\/index.php\/voyageurs\/nos-logements-interne\/#breadcrumb","itemListElement":[{"@type":"ListItem","position":1,"name":"Accueil","item":"https:\/\/lesembruns-conciergerie.fr\/"},{"@type":"ListItem","position":2,"name":"Voyageurs","item":"https:\/\/lesembruns-conciergerie.fr\/index.php\/voyageurs\/"},{"@type":"ListItem","position":3,"name":"Nos logements interne"}]},{"@type":"WebSite","@id":"https:\/\/lesembruns-conciergerie.fr\/#website","url":"https:\/\/lesembruns-conciergerie.fr\/","name":"Les Embruns Conciergerie","description":"","publisher":{"@id":"https:\/\/lesembruns-conciergerie.fr\/#organization"},"potentialAction":[{"@type":"SearchAction","target":{"@type":"EntryPoint","urlTemplate":"https:\/\/lesembruns-conciergerie.fr\/?s={search_term_string}"},"query-input":{"@type":"PropertyValueSpecification","valueRequired":true,"valueName":"search_term_string"}}],"inLanguage":"fr-FR"},{"@type":"Organization","@id":"https:\/\/lesembruns-conciergerie.fr\/#organization","name":"Les Embruns Conciergerie","url":"https:\/\/lesembruns-conciergerie.fr\/","logo":{"@type":"ImageObject","inLanguage":"fr-FR","@id":"https:\/\/lesembruns-conciergerie.fr\/#\/schema\/logo\/image\/","url":"https:\/\/lesembruns-conciergerie.fr\/wp-content\/uploads\/2023\/10\/cropped-logo-transparent-350px.png","contentUrl":"https:\/\/lesembruns-conciergerie.fr\/wp-content\/uploads\/2023\/10\/cropped-logo-transparent-350px.png","width":350,"height":303,"caption":"Les Embruns Conciergerie"},"image":{"@id":"https:\/\/lesembruns-conciergerie.fr\/#\/schema\/logo\/image\/"}}]}},"_links":{"self":[{"href":"https:\/\/lesembruns-conciergerie.fr\/index.php\/wp-json\/wp\/v2\/pages\/88","targetHints":{"allow":["GET"]}}],"collection":[{"href":"https:\/\/lesembruns-conciergerie.fr\/index.php\/wp-json\/wp\/v2\/pages"}],"about":[{"href":"https:\/\/lesembruns-conciergerie.fr\/index.php\/wp-json\/wp\/v2\/types\/page"}],"author":[{"embeddable":true,"href":"https:\/\/lesembruns-conciergerie.fr\/index.php\/wp-json\/wp\/v2\/users\/1"}],"replies":[{"embeddable":true,"href":"https:\/\/lesembruns-conciergerie.fr\/index.php\/wp-json\/wp\/v2\/comments?post=88"}],"version-history":[{"count":21,"href":"https:\/\/lesembruns-conciergerie.fr\/index.php\/wp-json\/wp\/v2\/pages\/88\/revisions"}],"predecessor-version":[{"id":707,"href":"https:\/\/lesembruns-conciergerie.fr\/index.php\/wp-json\/wp\/v2\/pages\/88\/revisions\/707"}],"up":[{"embeddable":true,"href":"https:\/\/lesembruns-conciergerie.fr\/index.php\/wp-json\/wp\/v2\/pages\/278"}],"wp:attachment":[{"href":"https:\/\/lesembruns-conciergerie.fr\/index.php\/wp-json\/wp\/v2\/media?parent=88"}],"curies":[{"name":"wp","href":"https:\/\/api.w.org\/{rel}","templated":true}]}}